ommon factor of 124 and y?
62
Let z = -2027 + 2102. Calculate the highest common factor of z and 100.
25
Let c(v) = v**2 - 6*v + 2. Let j be c(6). Let w = 0 + j. Suppose -4*b - 18 = -13*b. Calculate the greatest common factor of w and b.
2
Let q be 12*(-3)/(4 - -2). Let a be (-10)/(q - -1)*4. What is the highest common factor of 1 and a?
1
Let w(l) = -l**2 - 17. Let p = -12 + 12. Let h be w(p). Let x = h - -28. What is the greatest common factor of x and 1?
1
Let b(t) = -t + 15. Let s be b(5). Suppose 6*i - s*i + 4 = 0. What is the greatest common factor of 3 and i?
1
Let l be -3*-1*(-160)/(-6). Suppose x = -0*x + l. Suppose 0 = 3*t - 4*t + q + 36, 0 = q + 4. What is the highest common factor of t and x?
16
Suppose 2*v - 1916 + 264 = 0. Suppose 14*z - v = -0*z. What is the greatest common factor of z and 531?
59
Let c = 1 + 4. Let q(j) = 4*j**3 - 4*j**2 + 8*j - 3. Let t be q(2). Let f = t - 19. Calculate the highest common factor of c and f.
5
Let p = 38 - 17. Let z = p - -64. Let v(g) = -g**2 - 20*g - 67. Let b be v(-14). What is the highest common factor of b and z?
17
Let b be 6/(-3) - 10 - -2. Let y(t) = t**3 + 10*t**2 + t + 13. Let f be y(b). Let a be 3 - (f + -4)*5. What is the highest common factor of 12 and a?
4
Let n = -167 - -361. Suppose -9 + 4 = -5*t, 0 = -b + 4*t + n. Let v(z) = 3*z - 18. Let w be v(12). What is the highest common factor of b and w?
18
Let m = 75 - 81. Let l(w) = w**2 + 12*w + 47. Let b be l(m). Let n(k) = -k**2 - 2*k + 4. Let o be n(-3). What is the greatest common factor of b and o?
1
Let h = 321 - 309. Suppose o + 3*o = 0. Suppose 5*a - 8*a + h = o. Calculate the highest common factor of a and 4.
4
Suppose 5*w - w = -q + 399, -2*q = 2. Let m = -34 - -39. Suppose 2*k + 90 = m*k + 3*f, 2*f = 3*k - 65. What is the greatest common factor of k and w?
25
Let r be (98 - 1) + (-22 + 16 - 1). Calculate the highest common divisor of 570 and r.
30
Let z = -39 + 42. Suppose 149 = o - 2*g, 0 = 3*o + 2*o + z*g - 732. What is the highest common factor of o and 21?
21
Let x = 19 - 91. Let j = -56 - x. Calculate the greatest common factor of 24 and j.
8
Suppose 5*w - 364 = 126. What is the greatest common factor of 126 and w?
14
Let x(b) = -b**3 - 6*b**2 - 2*b + 4. Let m(w) = 1 - 37*w + 36*w - 2. Let v be m(5). Let i be x(v). What is the highest common factor of 8 and i?
8
Let c(s) = 268*s**2 + 5*s - 3. Let y be c(1). Suppose -77*o - y = -83*o. Calculate the greatest common divisor of o and 9.
9
Suppose 6*p - 2520 = -0*p. Suppose n = -4*f - 4*n + p, 210 = 2*f - n. Calculate the greatest common divisor of 15 and f.
15
Let y = -130 + 287. Suppose 109 + y = 19*h. Calculate the highest common factor of 56 and h.
14
Suppose 30 = -21*n + 471. What is the highest common factor of 84 and n?
21
Let b(c) = -c + 15. Let i be b(3). Suppose 5*d + 3*q + 25 - 67 = 0, 0 = 3*d - 5*q - 32. Calculate the highest common divisor of d and i.
3
Let w(g) = g**3 - 37*g**2 + 290*g - 14. Let i be w(11). Let b(z) = z + 10. Let f be b(0). What is the greatest common factor of i and f?
10
Let g(u) = -148*u - 932. Let n be g(-11). What is the highest common factor of 6 and n?
6
Suppose 8 = -3*b + 5*b. Suppose l - b*s - 25 = 0, -3*s = 4*l - 4 - 1. Calculate the greatest common factor of l and 10.
5
Let b = 35 + 7. What is the greatest common divisor of b and 189?
21
Let j be -2 + 25/10 - (-170)/(-4). Let n = 186 + j. What is the greatest common divisor of n and 96?
48
Let s(t) be the second derivative of 0 + 1/2*t**2 + 5*t + 7/3*t**3. Let g be s(1). What is the highest common divisor of 30 and g?
15
Let r = -1646 + 1968. What is the greatest common divisor of 70 and r?
14
Suppose 333*j - 338*j + 215 = 0. What is the highest common factor of 1 and j?
1
Let a = -14 + 26. Let c(g) = 5*g + 47. Let p be c(-8). Let y = a - p. Calculate the highest common divisor of 35 and y.
5
Let s = 15 + -6. Suppose -4*j = -s*j + 80. Calculate the greatest common factor of j and 16.
16
Let i be (148/(-3))/(2/(-9)). Let z = -107 + i. Suppose 3*v - 2*x = -2*v + 226, 188 = 4*v + 2*x. What is the highest common divisor of v and z?
23
Let b(v) = -v**2 - 14*v - 8. Let s be b(-13). Suppose -s*w + 346 = 76. Let f be 24 - (-1)/(3/9). What is the greatest common divisor of f and w?
27
Suppose 0 = i, 0 = 3*c - 2*i - 2*i - 207. Suppose -93*j - 4*z = -96*j + 49, -4*j - 5*z = -117. Calculate the greatest common factor of j and c.
23
Let r(s) = s + 1. Let a(z) = 40. Let o(b) = a(b) + 3*r(b). Let n be o(-13). Calculate the highest common factor of n and 8.
4
Suppose 3*n + 3*l - 81 = 135, -3*l = -3*n + 216. Calculate the highest common divisor of n and 120.
24
Let n(o) = -o**2 + 11*o + 2. Suppose 0 = 3*c - 26 - 7. Let x be n(c). Suppose x*l = -2*l + 76. What is the greatest common factor of 19 and l?
19
Suppose 2 = -2*z, -3*z - z = 3*h - 107. Let d(j) = -j**3 + 12*j**2 + 24*j - 29. Let l be d(12). What is the highest common factor of h and l?
37
Let j(k) = k**2 - 3*k + 5. Let f be j(7). Let v = 649 - 646. Calculate the highest common divisor of v and f.
3
Let s be 24/15 + 6/15. Suppose 6*f - 4 = 5*f. Let i be s + (16/f - -2). Calculate the greatest common divisor of 4 and i.
4
Let p(q) = q**2 - q. Let u be p(0). Suppose u*w + w - v = 52, 5*w - 272 = v. What is the greatest common factor of 5 and w?
5
Suppose -3*q - 2 + 23 = 0. Let z be 2/q + (-66)/(-14). Let a(y) = 6*y + 3. Let b be a(z). What is the highest common factor of 11 and b?
11
Suppose 6*m - 455 + 161 = 0. Calculate the highest common factor of 539 and m.
49
Let y be 0/(0 - 4)*1. Let h be (y*(-3)/9)/(-1). Suppose -3*n - 12 = h, 146 = 5*d - 4*n - 0*n. Calculate the greatest common factor of 13 and d.
13
Suppose 32*p - 33*p + 2 = 0. Suppose 0 = p*v - 14 - 514. Let z = 83 + -50. What is the greatest common factor of z and v?
33
Let z(a) = -a**2 - 31*a + 437. Let k be z(-40). What is the highest common divisor of 7 and k?
7
Let h(z) = z - 10. Let l be h(10). Suppose l = k + 2 - 32. What is the greatest common divisor of k and 12?
6
Let d = 336 - 318. Calculate the greatest common factor of 288 and d.
18
Suppose 5*l + 25 = r, -22*r + 19*r - 4*l - 1 = 0. Let y be 5/(0 - 1/(-8)). What is the greatest common factor of r and y?
5
Let c(v) = -v**3 + 10*v**2 - 4*v + 10. Let d be c(9). Let a = 91 - d. Suppose 0 = u + 3*u - 48. What is the greatest common factor of a and u?
12
Let u(v) = v**3 - 7*v**2 + 15*v + 12. Let q be u(4). Suppose -87 - 33 = -5*l. What is the highest common factor of q and l?
24
Let h be -1*10*(4 - 5). Suppose -z + 3*u + 19 = -2, 2*z - 26 = -2*u. What is the greatest common factor of h and z?
5
Suppose -10*b + 6*b = 0. Suppose 4*c = 2*t + 178, 3*t - 147 = -b*c - 3*c. What is the greatest common factor of 69 and c?
23
Let w be (-1 + 21)/(2/(-19))*-1. Let v(h) = 2*h**2 - 2*h - 2. Let r be v(5). What is the greatest common factor of w and r?
38
Suppose -17 + 12 = 5*r. Let o be (6/(-3))/(r/4). Let m = -4 - -12. Calculate the highest common factor of m and o.
8
Let k be 210/(-2 + 7/2). Suppose -s = 4*s - k. Let y(z) = 71*z**3 - 2*z**2 + 2*z - 1. Let b be y(1). Calculate the greatest common factor of s and b.
14
Let b be 9/((-81)/(-2674)) + (-2)/18. Let k be 1/(3/90) + -3. Calculate the greatest common divisor of k and b.
27
Suppose -4*s - 10 = 5*h, 0*s + 3*h = s + 11. Let p be (-21)/(-2 - 9/s). Let v = -59 - -101. What is the highest common factor of v and p?
21
Let y = -280 - -306. Calculate the highest common divisor of y and 39.
13
Let t = 8 - 20. Let j(g) = -g**3 - 13*g**2 - 13*g + 15. Let k be j(t). Calculate the highest common factor of k and 3.
3
Let b(j) = -5*j**3 + 2*j**2 - 1. Let n be b(-1). Let h be (0/21)/(1*3) - -24. Calculate the highest common divisor of h and n.
6
Let d be (24 - -4)/2 + -1. Suppose 5*t - 288 = -93. What is the highest common divisor of t and d?
13
Suppose -p = t - 28, 4*t = 5*p + 140 - 19. Suppose -d + 1 - 26 = -3*f, t = 3*f + d. What is the greatest common divisor of 1 and f?
1
Suppose 0*l = l + 3*z + 45, 4*l + 136 = -z. Let h = 43 + l. What is the greatest common factor of 20 and h?
10
Let s(a) = 16*a + 4. Let o be s(2). Suppose 5*r - 27 = 123. Let c = r + -12. Calculate the highest common factor of c and o.
18
Let y(p) = 3*p**2 - 2*p + 2. Let j be y(-3). Let i be ((-14)/(-4))/((-15)/(-150)).